{"id":638,"date":"2024-06-07T18:39:09","date_gmt":"2024-06-07T16:39:09","guid":{"rendered":"https:\/\/hippocampe78.com\/?page_id=638"},"modified":"2024-06-07T19:00:47","modified_gmt":"2024-06-07T17:00:47","slug":"reglement","status":"publish","type":"page","link":"https:\/\/hippocampe78.com\/index.php\/reglement\/","title":{"rendered":"R\u00e8glement"},"content":{"rendered":"\t\t<div data-elementor-type=\"wp-page\" data-elementor-id=\"638\" class=\"elementor elementor-638\" data-elementor-post-type=\"page\">\n\t\t\t\t<div class=\"elementor-element elementor-element-7597f76 e-grid e-con-boxed e-con e-parent\" data-id=\"7597f76\" data-element_type=\"container\" data-core-v316-plus=\"true\">\n\t\t\t\t\t<div class=\"e-con-inner\">\n\t\t\t\t<div class=\"elementor-element elementor-element-5e4055e elementor-widget elementor-widget-spacer\" data-id=\"5e4055e\" data-element_type=\"widget\" data-widget_type=\"spacer.default\">\n\t\t\t\t<div class=\"elementor-widget-container\">\n\t\t\t<style>\/*! elementor - v3.20.0 - 13-03-2024 *\/\n.elementor-column .elementor-spacer-inner{height:var(--spacer-size)}.e-con{--container-widget-width:100%}.e-con-inner>.elementor-widget-spacer,.e-con>.elementor-widget-spacer{width:var(--container-widget-width,var(--spacer-size));--align-self:var(--container-widget-align-self,initial);--flex-shrink:0}.e-con-inner>.elementor-widget-spacer>.elementor-widget-container,.e-con>.elementor-widget-spacer>.elementor-widget-container{height:100%;width:100%}.e-con-inner>.elementor-widget-spacer>.elementor-widget-container>.elementor-spacer,.e-con>.elementor-widget-spacer>.elementor-widget-container>.elementor-spacer{height:100%}.e-con-inner>.elementor-widget-spacer>.elementor-widget-container>.elementor-spacer>.elementor-spacer-inner,.e-con>.elementor-widget-spacer>.elementor-widget-container>.elementor-spacer>.elementor-spacer-inner{height:var(--container-widget-height,var(--spacer-size))}.e-con-inner>.elementor-widget-spacer.elementor-widget-empty,.e-con>.elementor-widget-spacer.elementor-widget-empty{position:relative;min-height:22px;min-width:22px}.e-con-inner>.elementor-widget-spacer.elementor-widget-empty .elementor-widget-empty-icon,.e-con>.elementor-widget-spacer.elementor-widget-empty .elementor-widget-empty-icon{position:absolute;top:0;bottom:0;left:0;right:0;margin:auto;padding:0;width:22px;height:22px}<\/style>\t\t<div class=\"elementor-spacer\">\n\t\t\t<div class=\"elementor-spacer-inner\"><\/div>\n\t\t<\/div>\n\t\t\t\t<\/div>\n\t\t\t\t<\/div>\n\t\t\t\t<div class=\"elementor-element elementor-element-161a47c elementor-widget elementor-widget-heading\" data-id=\"161a47c\" data-element_type=\"widget\" data-widget_type=\"heading.default\">\n\t\t\t\t<div class=\"elementor-widget-container\">\n\t\t\t<style>\/*! elementor - v3.20.0 - 13-03-2024 *\/\n.elementor-heading-title{padding:0;margin:0;line-height:1}.elementor-widget-heading .elementor-heading-title[class*=elementor-size-]>a{color:inherit;font-size:inherit;line-height:inherit}.elementor-widget-heading .elementor-heading-title.elementor-size-small{font-size:15px}.elementor-widget-heading .elementor-heading-title.elementor-size-medium{font-size:19px}.elementor-widget-heading .elementor-heading-title.elementor-size-large{font-size:29px}.elementor-widget-heading .elementor-heading-title.elementor-size-xl{font-size:39px}.elementor-widget-heading .elementor-heading-title.elementor-size-xxl{font-size:59px}<\/style><h2 class=\"elementor-heading-title elementor-size-default\">R\u00e8glement int\u00e9rieur<\/h2>\t\t<\/div>\n\t\t\t\t<\/div>\n\t\t\t\t<div class=\"elementor-element elementor-element-001bd5f elementor-widget elementor-widget-spacer\" data-id=\"001bd5f\" data-element_type=\"widget\" data-widget_type=\"spacer.default\">\n\t\t\t\t<div class=\"elementor-widget-container\">\n\t\t\t\t\t<div class=\"elementor-spacer\">\n\t\t\t<div class=\"elementor-spacer-inner\"><\/div>\n\t\t<\/div>\n\t\t\t\t<\/div>\n\t\t\t\t<\/div>\n\t\t\t\t<div class=\"elementor-element elementor-element-15ae710 elementor-widget elementor-widget-text-editor\" data-id=\"15ae710\" data-element_type=\"widget\" data-widget_type=\"text-editor.default\">\n\t\t\t\t<div class=\"elementor-widget-container\">\n\t\t\t<style>\/*! elementor - v3.20.0 - 13-03-2024 *\/\n.elementor-widget-text-editor.elementor-drop-cap-view-stacked .elementor-drop-cap{background-color:#69727d;color:#fff}.elementor-widget-text-editor.elementor-drop-cap-view-framed .elementor-drop-cap{color:#69727d;border:3px solid;background-color:transparent}.elementor-widget-text-editor:not(.elementor-drop-cap-view-default) .elementor-drop-cap{margin-top:8px}.elementor-widget-text-editor:not(.elementor-drop-cap-view-default) .elementor-drop-cap-letter{width:1em;height:1em}.elementor-widget-text-editor .elementor-drop-cap{float:left;text-align:center;line-height:1;font-size:50px}.elementor-widget-text-editor .elementor-drop-cap-letter{display:inline-block}<\/style>\t\t\t\t<p>ARTICLE 1 : le club<\/p>\n<p>&#8211; Le club a pour objet la connaissance du monde aquatique notamment la plong\u00e9e en scaphandre, la nage avec palmes en piscine, en mer. <br>&#8211; Ce r\u00e8glement int\u00e9rieur a pour but de pr\u00e9ciser le fonctionnement du club, il compl\u00e8te les dispositions des statuts. <br>&#8211; Les statuts et le r\u00e8glement int\u00e9rieur du club, sont tenus \u00e0 la disposition des membres en permanence dans <br>les locaux utilis\u00e9s par le club. <br>&#8211; Parce qu\u2019il est destin\u00e9 \u00e0 organiser la vie du club dans l\u2019int\u00e9r\u00eat de tous, ce r\u00e8glement s\u2019impose \u00e0 chacun de ses membres, en quelque endroit o\u00f9 le club est pr\u00e9sent (piscine, locaux, sortie club, etc.). <br>&#8211; Le club subaquatique HIPPOCAMPE des Mureaux est affili\u00e9 \u00e0 la f\u00e9d\u00e9ration fran\u00e7aise d\u2019\u00e9tude et de sports sous-marin FFESSM, sous le N\u00b0 07 78 0100 et b\u00e9n\u00e9ficie de l\u2019assurance f\u00e9d\u00e9rale qui garantit la responsabilit\u00e9 civile de ses membres pour une somme illimit\u00e9e. <br>&#8211; L\u2019admission au club vaut adh\u00e9sion au r\u00e8glement de la FFESSM et impose aux membres du club l\u2019engagement de respecter la r\u00e8glementation de la plong\u00e9e sous-marine de mani\u00e8re g\u00e9n\u00e9rale et en particulier, celle d\u00e9finie par le Code du Sport dans les articles A322-71 \u00e0 A322-10 et annexes, ainsi que ce r\u00e8glement int\u00e9rieur. <br>&#8211; Les membres du club HIPPOCAMPE s\u2019engagent \u00e0 respecter le personnel, l\u2019autre utilisateur et l\u2019\u00e9quipement des locaux mis \u00e0 leur disposition. <br>&#8211; Les membres du club doivent se plier au r\u00e8glement int\u00e9rieur des piscines et des autres \u00e9tablissements recevant le club HIPPOCAMPE (respect des r\u00e8gles hygi\u00e8nes et de s\u00e9curit\u00e9). <br>&#8211; L\u2019affichage sur les murs est interdit en dehors des panneaux pr\u00e9vus \u00e0 cet effet et doit \u00eatre soumis au bureau pour accord. <br>&#8211; Les utilisateurs doivent se conformer \u00e0 la r\u00e8glementation en vigueur en ce qui concerne les interdictions de fumer dans les lieux publics et les locaux appartenant au club. <br>&#8211; Les membres sont tenus de maintenir les lieux en \u00e9tat de propret\u00e9 (propres au club ou ext\u00e9rieurs). <br>&#8211; Le club ne pourra en aucun cas \u00eatre tenu responsable des vols commis dans les vestiaires lors de l\u2019entra\u00eenement en piscine ; les encadrants doivent faire attention \u00e0 la fermeture \u00e0 cl\u00e9 des portes d\u2019entr\u00e9e et portail de la piscine ou tout autre local mis \u00e0 disposition lors de sorties organis\u00e9es par le club.<\/p>\n<p>ARTICLE 2 : Les cotisations<\/p>\n<p>&#8211; Le tarif des cotisations et des frais de dossier sont d\u00e9finis par le comit\u00e9 directeur et approuv\u00e9 lors de l\u2019Assembl\u00e9e G\u00e9n\u00e9rale. <br>&#8211; Ne pourront devenir membres du club hippocampe, participer aux activit\u00e9s de plong\u00e9e sous-marine et b\u00e9n\u00e9ficier des avantages consentis par le club, que les personnes ayant fourni un dossier d\u2019inscription complet comprenant : <br>*&nbsp; La fiche d\u2019inscription au club d\u00fbment remplie et sign\u00e9e ; <br>* Un certificat m\u00e9dical d\u2019absence de contre-indication \u00e0 la plong\u00e9e sous-marine, en cours de validit\u00e9 ; <br>* Le r\u00e8glement de la cotisation annuelle. <br>&#8211; Pour le bon fonctionnement administratif du club, tout dossier incomplet interdira \u00e0 son auteur l\u2019acc\u00e8s \u00e0 la piscine et \u00e0 la fosse. <br>&#8211; Toute personne n\u2019ayant pas r\u00e9gl\u00e9 ses cotisations ou dettes ant\u00e9rieures se verra invalider son inscription. <br>&#8211; Le comit\u00e9 directeur est seul habilit\u00e9 \u00e0 accepter ou \u00e0 refuser une adh\u00e9sion.<\/p>\n<p><span style=\"color: var( --e-global-color-text ); background-color: var( --e-global-color-primary ); font-size: 1rem;\">ARTICLE 3 : Le comit\u00e9 directeur et le bureau<\/span><br><\/p>\n<p>&#8211; Le bureau est \u00e9lu chaque ann\u00e9e au sein du comit\u00e9 directeur. <br>Il est constitu\u00e9 du pr\u00e9sident, du vice-pr\u00e9sident, des secr\u00e9taires, des tr\u00e9soriers et du directeur technique. <br>&#8211; Le pr\u00e9sident : <br>Il repr\u00e9sente le club dans tous les actes de la vie civile aupr\u00e8s des pouvoirs publics ou des organismes priv\u00e9s. <br>Il convoque les membres concern\u00e9s aux assembl\u00e9es g\u00e9n\u00e9rales et aux r\u00e9unions du comit\u00e9 directeur. <br>&#8211; Le vice-pr\u00e9sident : <br>Il seconde et remplace le pr\u00e9sident dans ses fonctions et ses droits en cas d\u2019absence ou d\u2019emp\u00eachement. <br>&#8211; Le secr\u00e9taire : <br>Il veille \u00e0 la bonne marche administrative du club, il assure la diffusion des proc\u00e8s-verbaux, des diverses <br>r\u00e9unions. <br>&#8211; Le tr\u00e9sorier : <br>Il veille \u00e0 la bonne tenue des comptes du club, dans le respect des lois applicables aux associations de type <br>loi de 1901, \u00e0 but non lucratif. Il pr\u00e9pare le budget pr\u00e9visionnel ainsi que le bilan de fin d\u2019exercice. <br>&#8211; Le directeur technique : <br>Il assure le bon respect des consignes de s\u00e9curit\u00e9 et le respect des formations dict\u00e9es par le manuel de <br>formation technique de notre f\u00e9d\u00e9ration FFESSM.<\/p>\n<p>ARTICLE 4 : Les piscines<\/p>\n<p>&#8211; Ne sont pas admises dans les locaux ou les piscines, lors des activit\u00e9s du club : les personnes n\u2019ayant aucune relation avec l\u2019activit\u00e9 de plong\u00e9e sous-marine, sauf accord du pr\u00e9sident. <br>&#8211; Le port du bonnet est obligatoire dans les piscines, le short de bain est prohib\u00e9. <br>&#8211; Les plongeurs doivent arriver un quart d\u2019heure avant le d\u00e9but des cours, le respect des horaires permettant un entra\u00eenement optimum et efficace.<\/p>\n<p>Les r\u00e8gles de s\u00e9curit\u00e9 suivantes sont \u00e0 respecter imp\u00e9rativement sous peine d\u2019exclusion de la piscine : <br>&#8211; L\u2019entr\u00e9e de la piscine est interdite sans la pr\u00e9sence d\u2019un directeur de plong\u00e9e (minimum E2) ; <br>&#8211; L\u2019apn\u00e9e dynamique doit obligatoirement \u00eatre pratique \u00e0 deux, l\u2019apn\u00e9e statique est interdite sans entra\u00eeneur confirm\u00e9 (minimum IE2) ; <br>&#8211; Les bapt\u00eames ou tout autre enseignement, doivent \u00eatre effectu\u00e9s au minimum par un initiateur (E1) en r\u00e8gle avec l\u2019article 1 et \u00e0 jour de licence et certificat m\u00e9dical (CACI) ; <br>&#8211; Les plongeurs faisant partie d\u2019un groupe d\u2019enseignement ne peuvent se mettre \u00e0 l\u2019eau qu\u2019en pr\u00e9sence de leur formateur. Si celui-ci est absent, ses \u00e9l\u00e8ves devront s\u2019adresser au directeur de plong\u00e9e pour qu\u2019il leur affecte un encadrant. <br>&#8211; Les \u00e9l\u00e8ves ne doivent pas quitter le bassin sans avertir leur encadrement.<\/p>\n<p>ARTICLE 5 : Le mat\u00e9riel<\/p>\n<p>&#8211; Le club s\u2019engage \u00e0 fournir du mat\u00e9riel en \u00e9tat de fonctionnement. <br>&#8211; L\u2019entretien du mat\u00e9riel est assur\u00e9 par le responsable mat\u00e9riel second\u00e9 par les T I V qualifi\u00e9s du club. <br>&#8211; Les consignes \u00e9dict\u00e9es par le responsable mat\u00e9riel concernant l\u2019organisation, le rangement, l\u2019entretien et les proc\u00e9dures de pr\u00eat doivent \u00eatre scrupuleusement respect\u00e9es par tous les membres du club. <br>&#8211; Lors de la d\u00e9tection d\u2019un mauvais fonctionnement d\u2019un mat\u00e9riel appartenant au club, le plongeur devra en r\u00e9f\u00e9rer personnellement au responsable mat\u00e9riel, au pr\u00e9sident ou au responsable d\u00e9sign\u00e9. <br>&#8211; Le club ne peut pr\u00eater du mat\u00e9riel que pour les s\u00e9ances piscines ou pour les sorties club dans la limite de ses disponibilit\u00e9s. En cas d\u2019emprunt non autoris\u00e9, l\u2019emprunteur peut faire l\u2019objet d\u2019une exclusion du club. <br>&#8211; L\u2019emprunt de mat\u00e9riel dans le cadre des sorties club doit \u00eatre notifi\u00e9 au responsable mat\u00e9riel et inscrit dans le cahier des pr\u00eats. <br>&#8211; Les plongeurs, de niveau P3 minimum, peuvent emprunter du mat\u00e9riel, en accord avec le responsable mat\u00e9riel et information du pr\u00e9sident. Ils s\u2019engagent alors \u00e0 l\u2019utiliser selon les r\u00e8gles de notre f\u00e9d\u00e9ration FFESSM et \u00e0 en faire un usage normal, \u00e0 l\u2019entretenir et \u00e0 le stocker convenablement. <br>&#8211; A la fin de la sortie, le mat\u00e9riel utilis\u00e9 doit \u00eatre rinc\u00e9 \u00e0 l\u2019eau douce, s\u00e9ch\u00e9 et rendu au responsable mat\u00e9riel qui le note sur le registre des pr\u00eats, la semaine suivant la sortie du club. <br>&#8211; En aucun cas la responsabilit\u00e9 du club, de son Pr\u00e9sident, du responsable mat\u00e9riel ou du directeur technique pourra \u00eatre engag\u00e9e lors d\u2019utilisation abusive de mat\u00e9riel.<\/p>\n<p>ARTICLE 6 : Les entra\u00eenements en milieu artificiel<\/p>\n<p>&#8211; Les entra\u00eenements en milieu artificiel se font sous la direction et la responsabilit\u00e9 d\u2019un directeur de plong\u00e9e (E2 minimum pour une profondeur de bassin inf\u00e9rieure \u00e0 6 m, E3 minimum pour une profondeur de bassin sup\u00e9rieure \u00e0 6 m, type fosse). Il assure la surveillance du bassin durant toute la s\u00e9ance d\u2019entra\u00eenement. <br>&#8211; Une liste nominative des cadres pouvant exercer cette fonction est \u00e9tablie en d\u00e9but de saison par le pr\u00e9sident apr\u00e8s avis du directeur technique et conform\u00e9ment \u00e0 la r\u00e9glementation en vigueur.<\/p>\n<p>&#8211; Les personnes non licenci\u00e9es \u00e0 la FFESSM ne sont pas accept\u00e9es, sauf pour un bapt\u00eame.<\/p>\n<p>ARTICLE 7 : Les sorties club en milieu naturel<\/p>\n<p>&#8211; Pour chaque sortie, une feuille d\u2019inscription est \u00e9tablie. Elle r\u00e9f\u00e9rence la liste des plongeurs y participant et pr\u00e9cise leur niveau. <br>&#8211; Pour chaque plong\u00e9e, il est \u00e9tabli une fiche de s\u00e9curit\u00e9 qui reprend la composition de chaque palanqu\u00e9e, ainsi que le type de plong\u00e9e avec les param\u00e8tres pr\u00e9vus et r\u00e9alis\u00e9s, conform\u00e9ment \u00e0 la r\u00e9glementation en vigueur. <br>&#8211; Il ne sera tol\u00e9r\u00e9 aucun dopage ou prise de substances illicites sous quelque forme que ce soit (cigarette, cachet, seringue, boisson, etc.). <br>&#8211; Toute personne licenci\u00e9e peut participer aux plong\u00e9es en milieu naturel organis\u00e9es par le club suivant les comp\u00e9tences et les pr\u00e9rogatives des plongeurs que requi\u00e8rent le site de plong\u00e9e et l\u2019encadrement disponible, les membres du club sont prioritaires. <br>&#8211; Dans le cas d\u2019un nombre limit\u00e9 de places, l\u2019ordre d\u2019inscription (avec paiement) sera pris en compte pour d\u00e9terminer les participants. <br>&#8211; Seuls les membres de l\u2019association, \u00e0 jour de leur cotisation et en possession d\u2019un certificat m\u00e9dical en cours de validit\u00e9, sont autoris\u00e9s \u00e0 participer aux sorties. <br>&#8211; Si un licenci\u00e9 non membre du club souhaite s\u2019inscrire \u00e0 une sortie en milieu naturel, il devra produire, une copie de sa licence, un certificat de dipl\u00f4me, son carnet de plong\u00e9e, un certificat m\u00e9dical d\u2019absence de contre-indication \u00e0 la plong\u00e9e en cours de validit\u00e9. Il devra \u00e9galement obtenir un avis favorable aupr\u00e8s du pr\u00e9sident et du directeur technique du club.<\/p>\n<p>L\u2019engagement pris pour une sortie vaut engagement de paiement<\/p>\n<p>&#8211; Les tarifs que le club obtient tiennent compte d\u2019un nombre de plong\u00e9es forfaitaires n\u00e9goci\u00e9 avec les clubs qui nous re\u00e7oivent. En cons\u00e9quence, sauf cas de force majeure (appr\u00e9ci\u00e9e par les organisateurs avant le d\u00e9part ou par le directeur de plong\u00e9e une fois sur le site) aucune plong\u00e9e non effectu\u00e9e ne sera rembours\u00e9e aux inscrits. <br>&#8211; Les plong\u00e9es en milieu naturel se font sous la direction et la responsabilit\u00e9 d\u2019un directeur de plong\u00e9e (E3) d\u00e9sign\u00e9 par le pr\u00e9sident conform\u00e9ment \u00e0 la r\u00e9glementation en vigueur. <br>&#8211; Les membres doivent scrupuleusement suivre les consignes d\u2019organisation et de s\u00e9curit\u00e9 dict\u00e9es par le directeur de plong\u00e9e. Il aura toute latitude pour exclure un membre si les conditions l\u2019imposent.<\/p>\n<p>ARTICLE 8 : Les formations<\/p>\n<p>&#8211; Le club \u00e9tant affili\u00e9 \u00e0 la FFESSM, il est habilit\u00e9 \u00e0 faire passer des brevets et qualifications dans le respect des textes r\u00e9gissant leur d\u00e9livrance. <br>&#8211; La formation des candidats, pour l\u2019obtention des niveaux 1,2 et 3 s\u2019effectue en formation continue tout au long de la saison, y compris lors des sorties techniques. L\u2019assiduit\u00e9 est indispensable, l\u2019\u00e9quipe p\u00e9dagogique peut refuser une inscription \u00e0 un stage final de formation, si le candidat n\u2019est pas jug\u00e9 pr\u00eat pour s\u2019engager dans une telle formation. <br>Le club met en \u0153uvre tous les moyens \u00e0 sa disposition pour optimiser la formation mais n\u2019est pas tenu \u00e0 une obligation de r\u00e9ussite. <br>&#8211; Lors des sorties, les frais de formation sont \u00e0 la charge des participants, en totalit\u00e9 ou partiellement, sur d\u00e9cision du bureau. <br>&#8211; La formation est dispens\u00e9e par des formateurs b\u00e9n\u00e9voles dipl\u00f4m\u00e9s selon la r\u00e9glementation en vigueur.<\/p>\n<p>ARTICLE 9 : Les sanctions<\/p>\n<p>Feront l\u2019objet d\u2019une sanction :<\/p>\n<p>* Tout membre ayant commis une infraction aux statuts ou au r\u00e8glement int\u00e9rieur ; <br>* Tout membre ayant eu une conduite incorrecte, irresponsable ou contraire aux r\u00e8gles de s\u00e9curit\u00e9 durant les activit\u00e9s de l\u2019association <br>&#8211; La sanction peut consister en un simple avertissement, une interdiction de plonger lors d\u2019une sortie club, un non renouvellement de l\u2019adh\u00e9sion, voire une radiation de l\u2019association apr\u00e8s d\u00e9lib\u00e9ration du comit\u00e9 directeur. <br>&#8211; Le comit\u00e9 directeur se r\u00e9serve le droit de prononcer l\u2019interdiction d\u2019encadrer un groupe de plongeurs \u00e0 un encadrant ou GP jug\u00e9 inapte par le directeur technique et le pr\u00e9sident. <br>&#8211; La qualit\u00e9 d\u2019adh\u00e8rent au club se perd par la radiation prononc\u00e9e par le comit\u00e9 directeur.<\/p>\n<p><\/p>\n<p>ARTICLES 10 : Modification du r\u00e8glement int\u00e9rieur<\/p>\n<p>&#8211; Des additifs, des suppressions ou des modifications peuvent \u00eatre apport\u00e9s au pr\u00e9sent r\u00e8glement int\u00e9rieur en fonction de l\u2019\u00e9volution de la pratique sportive, administrative ou de la r\u00e9glementation. <br>&#8211; Ces changements sont \u00e9tudi\u00e9s et valid\u00e9s par le conseil d\u2019administration et pr\u00e9sent\u00e9s \u00e0 l\u2019assembl\u00e9e g\u00e9n\u00e9rale suivante, pour ratification.<\/p>\t\t\t\t\t\t<\/div>\n\t\t\t\t<\/div>\n\t\t\t\t\t<\/div>\n\t\t\t\t<\/div>\n\t\t\t\t<\/div>\n\t\t","protected":false},"excerpt":{"rendered":"<p>R\u00e8glement int\u00e9rieur ARTICLE 1 : le club &#8211; Le club a pour objet la connaissance du monde aquatique notamment la plong\u00e9e en scaphandre, la nage avec palmes en piscine, en mer. &#8211; Ce r\u00e8glement int\u00e9rieur a pour but de pr\u00e9ciser le fonctionnement du club, il compl\u00e8te les dispositions des statuts. &#8211; Les statuts et le [&hellip;]<\/p>\n","protected":false},"author":1,"featured_media":0,"parent":0,"menu_order":0,"comment_status":"closed","ping_status":"closed","template":"","meta":{"footnotes":""},"aioseo_notices":[],"_links":{"self":[{"href":"https:\/\/hippocampe78.com\/index.php\/wp-json\/wp\/v2\/pages\/638"}],"collection":[{"href":"https:\/\/hippocampe78.com\/index.php\/wp-json\/wp\/v2\/pages"}],"about":[{"href":"https:\/\/hippocampe78.com\/index.php\/wp-json\/wp\/v2\/types\/page"}],"author":[{"embeddable":true,"href":"https:\/\/hippocampe78.com\/index.php\/wp-json\/wp\/v2\/users\/1"}],"replies":[{"embeddable":true,"href":"https:\/\/hippocampe78.com\/index.php\/wp-json\/wp\/v2\/comments?post=638"}],"version-history":[{"count":25,"href":"https:\/\/hippocampe78.com\/index.php\/wp-json\/wp\/v2\/pages\/638\/revisions"}],"predecessor-version":[{"id":664,"href":"https:\/\/hippocampe78.com\/index.php\/wp-json\/wp\/v2\/pages\/638\/revisions\/664"}],"wp:attachment":[{"href":"https:\/\/hippocampe78.com\/index.php\/wp-json\/wp\/v2\/media?parent=638"}],"curies":[{"name":"wp","href":"https:\/\/api.w.org\/{rel}","templated":true}]}}