{"id":598,"date":"2024-06-07T17:52:00","date_gmt":"2024-06-07T15:52:00","guid":{"rendered":"https:\/\/hippocampe78.com\/?page_id=598"},"modified":"2024-06-07T18:35:49","modified_gmt":"2024-06-07T16:35:49","slug":"association","status":"publish","type":"page","link":"https:\/\/hippocampe78.com\/index.php\/association\/","title":{"rendered":"Association"},"content":{"rendered":"\t\t<div data-elementor-type=\"wp-page\" data-elementor-id=\"598\" class=\"elementor elementor-598\" data-elementor-post-type=\"page\">\n\t\t\t\t<div class=\"elementor-element elementor-element-4423105 e-grid e-con-boxed e-con e-parent\" data-id=\"4423105\" data-element_type=\"container\" data-core-v316-plus=\"true\">\n\t\t\t\t\t<div class=\"e-con-inner\">\n\t\t\t\t<div class=\"elementor-element elementor-element-955a437 elementor-widget elementor-widget-spacer\" data-id=\"955a437\" data-element_type=\"widget\" data-widget_type=\"spacer.default\">\n\t\t\t\t<div class=\"elementor-widget-container\">\n\t\t\t<style>\/*! elementor - v3.20.0 - 13-03-2024 *\/\n.elementor-column .elementor-spacer-inner{height:var(--spacer-size)}.e-con{--container-widget-width:100%}.e-con-inner>.elementor-widget-spacer,.e-con>.elementor-widget-spacer{width:var(--container-widget-width,var(--spacer-size));--align-self:var(--container-widget-align-self,initial);--flex-shrink:0}.e-con-inner>.elementor-widget-spacer>.elementor-widget-container,.e-con>.elementor-widget-spacer>.elementor-widget-container{height:100%;width:100%}.e-con-inner>.elementor-widget-spacer>.elementor-widget-container>.elementor-spacer,.e-con>.elementor-widget-spacer>.elementor-widget-container>.elementor-spacer{height:100%}.e-con-inner>.elementor-widget-spacer>.elementor-widget-container>.elementor-spacer>.elementor-spacer-inner,.e-con>.elementor-widget-spacer>.elementor-widget-container>.elementor-spacer>.elementor-spacer-inner{height:var(--container-widget-height,var(--spacer-size))}.e-con-inner>.elementor-widget-spacer.elementor-widget-empty,.e-con>.elementor-widget-spacer.elementor-widget-empty{position:relative;min-height:22px;min-width:22px}.e-con-inner>.elementor-widget-spacer.elementor-widget-empty .elementor-widget-empty-icon,.e-con>.elementor-widget-spacer.elementor-widget-empty .elementor-widget-empty-icon{position:absolute;top:0;bottom:0;left:0;right:0;margin:auto;padding:0;width:22px;height:22px}<\/style>\t\t<div class=\"elementor-spacer\">\n\t\t\t<div class=\"elementor-spacer-inner\"><\/div>\n\t\t<\/div>\n\t\t\t\t<\/div>\n\t\t\t\t<\/div>\n\t\t\t\t<div class=\"elementor-element elementor-element-5da1d68 elementor-widget elementor-widget-heading\" data-id=\"5da1d68\" data-element_type=\"widget\" data-widget_type=\"heading.default\">\n\t\t\t\t<div class=\"elementor-widget-container\">\n\t\t\t<style>\/*! elementor - v3.20.0 - 13-03-2024 *\/\n.elementor-heading-title{padding:0;margin:0;line-height:1}.elementor-widget-heading .elementor-heading-title[class*=elementor-size-]>a{color:inherit;font-size:inherit;line-height:inherit}.elementor-widget-heading .elementor-heading-title.elementor-size-small{font-size:15px}.elementor-widget-heading .elementor-heading-title.elementor-size-medium{font-size:19px}.elementor-widget-heading .elementor-heading-title.elementor-size-large{font-size:29px}.elementor-widget-heading .elementor-heading-title.elementor-size-xl{font-size:39px}.elementor-widget-heading .elementor-heading-title.elementor-size-xxl{font-size:59px}<\/style><h2 class=\"elementor-heading-title elementor-size-default\">Statuts de l'association<\/h2>\t\t<\/div>\n\t\t\t\t<\/div>\n\t\t\t\t<div class=\"elementor-element elementor-element-63b348e elementor-widget elementor-widget-text-editor\" data-id=\"63b348e\" data-element_type=\"widget\" data-widget_type=\"text-editor.default\">\n\t\t\t\t<div class=\"elementor-widget-container\">\n\t\t\t<style>\/*! elementor - v3.20.0 - 13-03-2024 *\/\n.elementor-widget-text-editor.elementor-drop-cap-view-stacked .elementor-drop-cap{background-color:#69727d;color:#fff}.elementor-widget-text-editor.elementor-drop-cap-view-framed .elementor-drop-cap{color:#69727d;border:3px solid;background-color:transparent}.elementor-widget-text-editor:not(.elementor-drop-cap-view-default) .elementor-drop-cap{margin-top:8px}.elementor-widget-text-editor:not(.elementor-drop-cap-view-default) .elementor-drop-cap-letter{width:1em;height:1em}.elementor-widget-text-editor .elementor-drop-cap{float:left;text-align:center;line-height:1;font-size:50px}.elementor-widget-text-editor .elementor-drop-cap-letter{display:inline-block}<\/style>\t\t\t\t<p>Adopt\u00e9s \u00e0 l\u2019assembl\u00e9e g\u00e9n\u00e9rale du 22 octobre 1983<\/p>\t\t\t\t\t\t<\/div>\n\t\t\t\t<\/div>\n\t\t\t\t<div class=\"elementor-element elementor-element-47c59a1 elementor-widget elementor-widget-text-editor\" data-id=\"47c59a1\" data-element_type=\"widget\" data-widget_type=\"text-editor.default\">\n\t\t\t\t<div class=\"elementor-widget-container\">\n\t\t\t\t\t\t\t<p>Suivi des modifications : <br \/>R1=&gt; Assembl\u00e9e G\u00e9n\u00e9rale du 19-11-2010 <br \/>Modification de l\u2019adresse du si\u00e8ge du club <br \/>R2=&gt; Assembl\u00e9e G\u00e9n\u00e9rale du 02-12-2011. <br \/>Int\u00e9gration de nouveaux articles propos\u00e9s par la FFESSM<\/p>\t\t\t\t\t\t<\/div>\n\t\t\t\t<\/div>\n\t\t\t\t<div class=\"elementor-element elementor-element-646b46a elementor-widget elementor-widget-heading\" data-id=\"646b46a\" data-element_type=\"widget\" data-widget_type=\"heading.default\">\n\t\t\t\t<div class=\"elementor-widget-container\">\n\t\t\t<h2 class=\"elementor-heading-title elementor-size-default\">I - Objet et composition de l'association<\/h2>\t\t<\/div>\n\t\t\t\t<\/div>\n\t\t\t\t<div class=\"elementor-element elementor-element-c8a693a elementor-widget elementor-widget-text-editor\" data-id=\"c8a693a\" data-element_type=\"widget\" data-widget_type=\"text-editor.default\">\n\t\t\t\t<div class=\"elementor-widget-container\">\n\t\t\t\t\t\t\t<p>Article 1<\/p><p>R2 : L&rsquo;Association dite \u00ab\u00a0Hippocampe\u00a0\u00bb, fond\u00e9e en 1969 a pour objet la pratique de l\u2019\u00e9ducation physique et des sports et plus particuli\u00e8rement de d\u00e9velopper et de favoriser, par tous les moyens appropri\u00e9s sur les plans sportif et accessoirement artistique et scientifique, la connaissance du monde subaquatique. <br \/>Ainsi que celle de tous les sports et activit\u00e9s subaquatiques et connexes, notamment le p\u00eache sous marine, la plong\u00e9e en scaphandre, la nage avec accessoires pratiqu\u00e9e en mer, piscine, lac ou eau vive. <br \/>Les mineurs de moins de seize ans ne peuvent adh\u00e9rer \u00e0 l\u2019Association pour la pratique de la p\u00eache sous marine.<\/p><p>L&rsquo;Association dite \u00ab\u00a0Hippocampe\u00a0\u00bb contribue au respect des lois et r\u00e8glements ayant pour objet la conservation de la faune, de la flore et des richesses sous marines, notamment en tenant ses adh\u00e9rents inform\u00e9s des dispositions \u00e9dict\u00e9es \u00e0 cette fin.<\/p><p>Elle respecte les r\u00e8gles d\u2019encadrement, d\u2019hygi\u00e8ne et de s\u00e9curit\u00e9s applicables aux disciplines sportives pratiques par ces membres.<\/p><p>Sa dur\u00e9e est illimit\u00e9e.<\/p><p>R 1 : Elle a son si\u00e8ge au : C.A.C.S. Jacques Brel, rue Hubert Mouchel, Les Mureaux.<\/p><p>Elle a \u00e9t\u00e9 d\u00e9clar\u00e9e \u00e0 la Sous-Pr\u00e9fecture de Mantes-La-Jolie sous le n\u00b0 810 le 18 F\u00e9vrier 1969 <br \/>(Journal Officiel du 6 Mars 1969)<\/p><p>Article 2<\/p><p>Les moyens d&rsquo;action de l&rsquo;Association sont la tenue d&rsquo;assembl\u00e9es p\u00e9riodiques, la publication d&rsquo;un bulletin, les s\u00e9ances d&rsquo;entra\u00eenement, les conf\u00e9rences et cours sur les questions sportives et, en g\u00e9n\u00e9ral, tous exercices et toutes initiatives propres \u00e0 la formation physique et morale de la jeunesse.<\/p><p>L&rsquo;Association s&rsquo;interdit toute discussion ou manifestation pr\u00e9sentant un caract\u00e8re politique ou confessionnel.<\/p><p>Article 3<\/p><p>L&rsquo;Association se compose de membres actifs, d&rsquo;honneur, bienfaiteurs.<\/p><p>Pour \u00eatre membre de l&rsquo;Association, il faut \u00eatre agr\u00e9\u00e9 par le Comit\u00e9 de Direction et avoir pay\u00e9 la cotisation annuelle ainsi que le droit d&rsquo;entr\u00e9e.<\/p><p>Les taux de cotisation et le montant du droit d&rsquo;entr\u00e9e sont fix\u00e9s par l &lsquo;Assembl\u00e9e G\u00e9n\u00e9rale.<\/p><p>Le taux de cotisation peut \u00eatre major\u00e9 pour les membres pratiquant plusieurs sports.<\/p><p>Le titre de membre d&rsquo;honneur peut \u00eatre d\u00e9cern\u00e9 par le Comit\u00e9 de Direction aux personnes physiques ou morales qui rendent ou qui ont rendu des services signal\u00e9s \u00e0 l&rsquo;Association. Ce titre conf\u00e8re aux personnes qui l&rsquo;ont obtenu le droit de faire partie de l&rsquo;Association sans \u00eatre tenues de payer ni <br \/>cotisation annuelle, ni droit d&rsquo;entr\u00e9e.<br \/><br \/>Article 4<\/p><p>La qualit\u00e9 de membre se perd : <br \/>1. par la d\u00e9mission <br \/>2. par la radiation prononc\u00e9e pour non paiement de la cotisation ou pour motif grave par le Comit\u00e9 de Direction, le membre int\u00e9ress\u00e9 ayant \u00e9t\u00e9 pr\u00e9alablement appel\u00e9 \u00e0 fournir des explications sauf recours \u00e0 l&rsquo;assembl\u00e9e g\u00e9n\u00e9rale. <\/p>\t\t\t\t\t\t<\/div>\n\t\t\t\t<\/div>\n\t\t\t\t<div class=\"elementor-element elementor-element-5c74617 elementor-widget elementor-widget-heading\" data-id=\"5c74617\" data-element_type=\"widget\" data-widget_type=\"heading.default\">\n\t\t\t\t<div class=\"elementor-widget-container\">\n\t\t\t<h2 class=\"elementor-heading-title elementor-size-default\">II - Affiliation<\/h2>\t\t<\/div>\n\t\t\t\t<\/div>\n\t\t\t\t<div class=\"elementor-element elementor-element-f75e401 elementor-widget elementor-widget-text-editor\" data-id=\"f75e401\" data-element_type=\"widget\" data-widget_type=\"text-editor.default\">\n\t\t\t\t<div class=\"elementor-widget-container\">\n\t\t\t\t\t\t\t<p>Article 5<\/p><p>R2 : L\u2019Association \u00ab Hippocampe \u00bb est affili\u00e9e \u00e0 la F\u00e9d\u00e9ration Fran\u00e7aise d\u2019Etudes et de Sports Sous-marins (FFESSM) et b\u00e9n\u00e9ficie de l\u2019assurance f\u00e9d\u00e9rale qui garantit la responsabilit\u00e9 civile de ses membres pour une somme illimit\u00e9. Elle reconnait avoir pris connaissance des statuts et du r\u00e8glement int\u00e9rieur de la FFESSM et s\u2019engage \u00e0 les respecter, de m\u00eame que les r\u00e8glements des commissions, des d\u00e9cisions des Assembl\u00e9es G\u00e9n\u00e9rale, du Comit\u00e9 Directeur et les Garanties de technique et de s\u00e9curit\u00e9 pour la plong\u00e9e en scaphandre (textes r\u00e9gissant les normes de s\u00e9curit\u00e9s et de pratique en vigueur)<\/p><p>Elle s&rsquo;engage : <br \/>1. A se conformer enti\u00e8rement aux statuts et aux r\u00e8glements des f\u00e9d\u00e9rations dont elle rel\u00e8ve ainsi qu&rsquo;\u00e0 ceux de leurs comit\u00e9s r\u00e9gionaux et d\u00e9partementaux. <br \/>2. A se soumettre aux sanctions disciplinaires qui lui seraient inflig\u00e9es par application desdits statuts et r\u00e8glements.<\/p><p>R2 : L\u2019ensemble des personnes physiques doit disposer d\u2019une licence f\u00e9d\u00e9rale pour adh\u00e9rer \u00e0 l\u2019association. <br \/>L\u2019association d\u00e9livre \u00e0 ses membres et \u00e0 toute personne qui en ferait la demande, une licence valable selon la dur\u00e9e et les modalit\u00e9s d\u00e9finies par le FFESSM. <\/p>\t\t\t\t\t\t<\/div>\n\t\t\t\t<\/div>\n\t\t\t\t<div class=\"elementor-element elementor-element-784918c elementor-widget elementor-widget-heading\" data-id=\"784918c\" data-element_type=\"widget\" data-widget_type=\"heading.default\">\n\t\t\t\t<div class=\"elementor-widget-container\">\n\t\t\t<h2 class=\"elementor-heading-title elementor-size-default\">III - Administration et fonctionnement<\/h2>\t\t<\/div>\n\t\t\t\t<\/div>\n\t\t\t\t<div class=\"elementor-element elementor-element-51af20f elementor-widget elementor-widget-text-editor\" data-id=\"51af20f\" data-element_type=\"widget\" data-widget_type=\"text-editor.default\">\n\t\t\t\t<div class=\"elementor-widget-container\">\n\t\t\t\t\t\t\t<p>Article 6<br \/><br \/>Le Comit\u00e9 de Direction de l&rsquo;Association est compos\u00e9 de 6 membres au moins et de 12 au plus \u00e9lusau scrutin secret pour 3 ans par l&rsquo;assembl\u00e9e g\u00e9n\u00e9rale des \u00e9lecteurs pr\u00e9vus \u00e0 l&rsquo;alin\u00e9a suivant.<\/p><p>Est \u00e9lecteur tout membre pratiquant, \u00e2g\u00e9 de 16 ans au moins au jour de l&rsquo;\u00e9lection, ayant adh\u00e9r\u00e9 \u00e0 l&rsquo;association depuis plus de six mois et \u00e0 jour de ses cotisations. Le vote par procuration est autoris\u00e9, mais le vote par correspondance n&rsquo;est pas admis.<\/p><p>Est \u00e9ligible au Comit\u00e9 de Direction toute personne de nationalit\u00e9 fran\u00e7aise, \u00e2g\u00e9e de dix-huit ans au moins au jour de l&rsquo;\u00e9lection, membre de l&rsquo;association depuis plus de six mois, \u00e0 jour de ses cotisations et jouissant de ses droits civils et politiques.<\/p><p>Le Comit\u00e9 de Direction se renouvelle par tiers tous les ans.<\/p><p>Les membres sortants sont r\u00e9\u00e9ligibles.<\/p><p>Les premiers membres sortants sont d\u00e9sign\u00e9s par le sort.<\/p><p>Le Comit\u00e9 de Direction \u00e9lit chaque ann\u00e9e au scrutin secret son bureau comprenant au moins le Pr\u00e9sident, le Secr\u00e9taire, le Tr\u00e9sorier de l&rsquo;association.<\/p><p>Les membres sortants sont r\u00e9\u00e9ligibles.<br \/><br \/>En cas de vacances, le Comit\u00e9 pourvoit provisoirement au remplacement de ses membres. Il est proc\u00e9d\u00e9 \u00e0 leur remplacement d\u00e9finitif par la prochaine assembl\u00e9e g\u00e9n\u00e9rale. Les pouvoirs des membres ainsi \u00e9lus prennent fin \u00e0 l&rsquo;\u00e9poque o\u00f9 devrait normalement expirer le mandat des membres remplac\u00e9s.<\/p><p>Le Comit\u00e9 peut \u00e9galement d\u00e9signer un ou plusieurs pr\u00e9sidents, vice-pr\u00e9sidents ou membres d&rsquo;honneur qui peuvent \u00eatre admis \u00e0 assister aux s\u00e9ances du Comit\u00e9 avec voix consultative.<\/p><p>Les membres du Comit\u00e9 de Direction ne peuvent recevoir de r\u00e9tribution en cette qualit\u00e9, ni en raison de celle de membre du Bureau.<\/p><p>Article 7<\/p><p>Le Comit\u00e9 se r\u00e9unit au moins une fois par trimestre et chaque fois qu&rsquo;il est convoqu\u00e9 par son Pr\u00e9sident ou sur la demande du quart de ses membres.<\/p><p>La pr\u00e9sence du tiers des membres du Comit\u00e9 est n\u00e9cessaire pour la validit\u00e9 des d\u00e9lib\u00e9rations.<\/p><p>Tout membre du Comit\u00e9 qui aura, sans excuse accept\u00e9e par celui-ci, manqu\u00e9 \u00e0 trois s\u00e9ances cons\u00e9cutives, pourra \u00eatre consid\u00e9r\u00e9 comme d\u00e9missionnaire.<\/p><p>Il est tenu proc\u00e8s-verbal des s\u00e9ances. Les proc\u00e8s-verbaux sont sign\u00e9s par le Pr\u00e9sident et le Secr\u00e9taire. Ils sont transcrits, sans blancs ni ratures, sur un registre tenu \u00e0 cet effet.<\/p><p>Article 8<\/p><p>L&rsquo;Assembl\u00e9e G\u00e9n\u00e9rale fixe le taux de remboursement des frais de d\u00e9placement, de mission ou de repr\u00e9sentations effectu\u00e9es par les membres du Comit\u00e9 de Direction dans l\u2019exercice de leur activit\u00e9.<\/p><p>Les personnes r\u00e9tribu\u00e9es par l&rsquo;Association peuvent \u00eatre admises \u00e0 assister, avec voix consultative, aux s\u00e9ances de l&rsquo;assembl\u00e9e g\u00e9n\u00e9rale et du Comit\u00e9 de Direction.<\/p><p>Article 9<\/p><p>L&rsquo;Assembl\u00e9e G\u00e9n\u00e9rale de l&rsquo;Association comprend tous les membres pr\u00e9vus au premier alin\u00e9a de l&rsquo;article 3, \u00e0 jour de leurs cotisations et \u00e2g\u00e9s de 16 ans au moins au jour de l&rsquo;assembl\u00e9e.<\/p><p>Elle se r\u00e9unit une fois par an et, en outre, chaque fois qu&rsquo;elle est convoqu\u00e9e par le Comit\u00e9 de Direction ou sur la demande du quart au moins de ses membres.<\/p><p>Son ordre du jour est r\u00e9gl\u00e9 par le Comit\u00e9 de Direction.<\/p><p>Son bureau est celui du Comit\u00e9.<\/p><p>Elle d\u00e9lib\u00e8re sur les rapports relatifs \u00e0 la gestion du Comit\u00e9 de Direction et \u00e0 la situation morale et financi\u00e8re de l&rsquo;association.<\/p><p>Elle approuve les comptes de l&rsquo;exercice clos, vote le budget de l&rsquo;exercice suivant, d\u00e9lib\u00e8re sur les questions mises \u00e0 l&rsquo;ordre du jour. Elle pourvoit au renouvellement des membres du Comit\u00e9 de Direction dans les conditions fix\u00e9es \u00e0 l&rsquo;article 6.<\/p><p>Elle se prononce, sous r\u00e9serve des approbations n\u00e9cessaires, sur les modifications aux statuts.<\/p><p>Elle nomme les repr\u00e9sentants de l&rsquo;association \u00e0 l&rsquo;assembl\u00e9e g\u00e9n\u00e9rale des comit\u00e9s r\u00e9gionaux et d\u00e9partementaux et \u00e9ventuellement \u00e0 celles des f\u00e9d\u00e9rations auxquelles l&rsquo;association est affili\u00e9e.<\/p><p>Pour toutes les d\u00e9lib\u00e9rations autres que les \u00e9lections au Comit\u00e9 de Direction, le vote par procuration et le vote par correspondance sont autoris\u00e9s, toutes pr\u00e9cautions \u00e9tant prises afin d&rsquo;assurer le secret du vote. <br \/><br \/>Article 10<\/p><p>Les d\u00e9lib\u00e9rations sont prises \u00e0 la majorit\u00e9 des voix des membres pr\u00e9sents et \u00e9ventuellement repr\u00e9sent\u00e9s \u00e0 l&rsquo;assembl\u00e9e.<\/p><p>Pour la validit\u00e9 des d\u00e9lib\u00e9rations, la pr\u00e9sence du quart des membres vis\u00e9s \u00e0 l&rsquo;article 9 est n\u00e9cessaire.<\/p><p>Si ce quorum n&rsquo;est pas atteint, il est convoqu\u00e9, avec le m\u00eame ordre du jour, une deuxi\u00e8me assembl\u00e9e \u00e0 six jours au moins d&rsquo;intervalle, qui d\u00e9lib\u00e8re, quel que soit le nombre des membres pr\u00e9sents.<\/p><p>Article 11<\/p><p>Les d\u00e9penses sont ordonnanc\u00e9es par le pr\u00e9sident.<\/p><p>L&rsquo;Association est repr\u00e9sent\u00e9e en justice et dans tous les actes de la vie civile par son pr\u00e9sident ou, \u00e0 d\u00e9faut par tout autre membre du comit\u00e9 de Direction sp\u00e9cialement habilit\u00e9 \u00e0 cet effet par le Pr\u00e9sident ou, \u00e0 d\u00e9faut, par le Comit\u00e9 de Direction. <\/p>\t\t\t\t\t\t<\/div>\n\t\t\t\t<\/div>\n\t\t\t\t<div class=\"elementor-element elementor-element-4cf23f7 elementor-widget elementor-widget-heading\" data-id=\"4cf23f7\" data-element_type=\"widget\" data-widget_type=\"heading.default\">\n\t\t\t\t<div class=\"elementor-widget-container\">\n\t\t\t<h2 class=\"elementor-heading-title elementor-size-default\">IV - Modification des statuts et dissolution<\/h2>\t\t<\/div>\n\t\t\t\t<\/div>\n\t\t\t\t<div class=\"elementor-element elementor-element-05dbbf1 elementor-widget elementor-widget-text-editor\" data-id=\"05dbbf1\" data-element_type=\"widget\" data-widget_type=\"text-editor.default\">\n\t\t\t\t<div class=\"elementor-widget-container\">\n\t\t\t\t\t\t\t<p>Article 12<br \/><br \/>Les statuts ne peuvent \u00eatre modifi\u00e9s que sur la proposition du Comit\u00e9 de Direction ou du dixi\u00e8me des membres dont se compose l&rsquo;assembl\u00e9e g\u00e9n\u00e9rale, soumise au bureau au moins un mois avant la s\u00e9ance.<\/p><p>L&rsquo;Assembl\u00e9e doit se composer du quart au moins des membres vis\u00e9s au premier alin\u00e9a de l&rsquo;article 9. <br \/>Si cette proportion n&rsquo;est pas atteinte, l&rsquo;assembl\u00e9e est convoqu\u00e9e de nouveau, mais \u00e0 six jours au moins d&rsquo;intervalle; elle peut alors valablement d\u00e9lib\u00e9rer, quel que soit le nombre des membres pr\u00e9sents. <br \/>Dans tous les cas, les statuts ne peuvent \u00eatre modifi\u00e9s qu&rsquo;\u00e0 la majorit\u00e9 des deux tiers des voix des membres pr\u00e9sents et \u00e9ventuellement repr\u00e9sent\u00e9s \u00e0 l&rsquo;assembl\u00e9e.<\/p><p>Article 13<\/p><p>L&rsquo;assembl\u00e9e g\u00e9n\u00e9rale appel\u00e9e \u00e0 se prononcer sur la dissolution et convoqu\u00e9e sp\u00e9cialement \u00e0 cet effet doit comprendre plus de la moiti\u00e9 des membres vis\u00e9s au premier alin\u00e9a de l&rsquo;article 9.<\/p><p>Si cette proportion n&rsquo;est pas atteinte, l&rsquo;assembl\u00e9e est convoqu\u00e9e \u00e0 nouveau, mais \u00e0 six jours au moins d&rsquo;intervalle; elle peut alors d\u00e9lib\u00e9rer, quel que soit le nombre des membres pr\u00e9sents.<\/p><p>Dans tous les cas, la dissolution de l&rsquo;association ne peut \u00eatre prononc\u00e9e qu&rsquo;\u00e0 la majorit\u00e9 absolue des voix des membres pr\u00e9sents \u00e0 l&rsquo;assembl\u00e9e.<\/p><p>Article 14<\/p><p>En cas de dissolution, par quelque mode que ce soit, l&rsquo;assembl\u00e9e g\u00e9n\u00e9rale d\u00e9signe un ou plusieurs commissaires charg\u00e9s de la liquidation des biens de l&rsquo;association.<\/p><p>Elle attribue l&rsquo;actif net conform\u00e9ment \u00e0 la loi, \u00e0 une ou plusieurs associations.<\/p><p>En aucun cas, les membres de l&rsquo;association ne peuvent se voir attribuer, en dehors de la reprise de leurs apports, une part quelconque des biens de l&rsquo;association.<\/p>\t\t\t\t\t\t<\/div>\n\t\t\t\t<\/div>\n\t\t\t\t<div class=\"elementor-element elementor-element-2dddc2f elementor-widget elementor-widget-heading\" data-id=\"2dddc2f\" data-element_type=\"widget\" data-widget_type=\"heading.default\">\n\t\t\t\t<div class=\"elementor-widget-container\">\n\t\t\t<h2 class=\"elementor-heading-title elementor-size-default\">V - Formalit\u00e9s administratives et r\u00e8glement int\u00e9rieur<\/h2>\t\t<\/div>\n\t\t\t\t<\/div>\n\t\t\t\t<div class=\"elementor-element elementor-element-d51ef8b elementor-widget elementor-widget-text-editor\" data-id=\"d51ef8b\" data-element_type=\"widget\" data-widget_type=\"text-editor.default\">\n\t\t\t\t<div class=\"elementor-widget-container\">\n\t\t\t\t\t\t\t<p>Article 15<\/p><p>Le Pr\u00e9sident doit effectuer \u00e0 la Pr\u00e9fecture les d\u00e9clarations pr\u00e9vues \u00e0 l&rsquo;article 3 du d\u00e9cret du 16 Ao\u00fbt 1901 portant r\u00e8glement d&rsquo;administration publique pour l&rsquo;application de la loi du ler juillet 1901 et concernant notamment : <br \/>1. les modifications apport\u00e9es aux statuts <br \/>2. le changement de titre de l&rsquo;association <br \/>3. le transfert du si\u00e8ge social <br \/>4. les changements survenus au sein du Comit\u00e9 de Direction et de son bureau<\/p><p>Article 16<\/p><p>Les r\u00e8glements int\u00e9rieurs sont pr\u00e9par\u00e9s par le Comit\u00e9 de Direction et adopt\u00e9s par l&rsquo;assembl\u00e9e g\u00e9n\u00e9rale.<\/p><p>Article 17<\/p><p>Les statuts et les r\u00e8glements int\u00e9rieurs ainsi que les modifications qui peuvent y \u00eatre apport\u00e9es doivent \u00eatre communiqu\u00e9s au Directeur D\u00e9partemental de la Jeunesse et des Sports dans le mois quisuit leur adoption en assembl\u00e9e g\u00e9n\u00e9rale.<\/p>\t\t\t\t\t\t<\/div>\n\t\t\t\t<\/div>\n\t\t\t\t\t<\/div>\n\t\t\t\t<\/div>\n\t\t\t\t<\/div>\n\t\t","protected":false},"excerpt":{"rendered":"<p>Statuts de l&rsquo;association Adopt\u00e9s \u00e0 l\u2019assembl\u00e9e g\u00e9n\u00e9rale du 22 octobre 1983 Suivi des modifications : R1=&gt; Assembl\u00e9e G\u00e9n\u00e9rale du 19-11-2010 Modification de l\u2019adresse du si\u00e8ge du club R2=&gt; Assembl\u00e9e G\u00e9n\u00e9rale du 02-12-2011. Int\u00e9gration de nouveaux articles propos\u00e9s par la FFESSM I &#8211; Objet et composition de l&rsquo;association Article 1 R2 : L&rsquo;Association dite \u00ab\u00a0Hippocampe\u00a0\u00bb, fond\u00e9e [&hellip;]<\/p>\n","protected":false},"author":1,"featured_media":0,"parent":0,"menu_order":0,"comment_status":"closed","ping_status":"closed","template":"","meta":{"footnotes":""},"aioseo_notices":[],"_links":{"self":[{"href":"https:\/\/hippocampe78.com\/index.php\/wp-json\/wp\/v2\/pages\/598"}],"collection":[{"href":"https:\/\/hippocampe78.com\/index.php\/wp-json\/wp\/v2\/pages"}],"about":[{"href":"https:\/\/hippocampe78.com\/index.php\/wp-json\/wp\/v2\/types\/page"}],"author":[{"embeddable":true,"href":"https:\/\/hippocampe78.com\/index.php\/wp-json\/wp\/v2\/users\/1"}],"replies":[{"embeddable":true,"href":"https:\/\/hippocampe78.com\/index.php\/wp-json\/wp\/v2\/comments?post=598"}],"version-history":[{"count":37,"href":"https:\/\/hippocampe78.com\/index.php\/wp-json\/wp\/v2\/pages\/598\/revisions"}],"predecessor-version":[{"id":637,"href":"https:\/\/hippocampe78.com\/index.php\/wp-json\/wp\/v2\/pages\/598\/revisions\/637"}],"wp:attachment":[{"href":"https:\/\/hippocampe78.com\/index.php\/wp-json\/wp\/v2\/media?parent=598"}],"curies":[{"name":"wp","href":"https:\/\/api.w.org\/{rel}","templated":true}]}}